{"id":90,"date":"2016-07-21T14:17:46","date_gmt":"2016-07-21T14:17:46","guid":{"rendered":"http:\/\/bridge49.qodeinteractive.com\/?page_id=90"},"modified":"2020-02-10T07:15:55","modified_gmt":"2020-02-10T07:15:55","slug":"about","status":"publish","type":"page","link":"https:\/\/arstornati.de\/?page_id=90","title":{"rendered":"ALEXANDER"},"content":{"rendered":"<section class=\"wpb-content-wrapper\"><p>[vc_row css_animation=&#8220;&#8220; row_type=&#8220;row&#8220; use_row_as_full_screen_section=&#8220;no&#8220; type=&#8220;grid&#8220; angled_section=&#8220;no&#8220; text_align=&#8220;center&#8220; background_image_as_pattern=&#8220;without_pattern&#8220; css=&#8220;.vc_custom_1469706243035{padding-top: 89px !important;padding-bottom: 111px !important;}&#8220;][vc_column][vc_single_image image=&#8220;155&#8243; img_size=&#8220;full&#8220; alignment=&#8220;center&#8220; qode_css_animation=&#8220;&#8220;][vc_empty_space height=&#8220;47px&#8220;][vc_column_text]<\/p>\n<h5>Es muss durch seine H\u00e4nde &#8211; danach ist es bereit zu faszinieren.<\/h5>\n<p>[\/vc_column_text][vc_empty_space height=&#8220;73px&#8220;][vc_single_image image=&#8220;93&#8243; img_size=&#8220;full&#8220; alignment=&#8220;center&#8220; qode_css_animation=&#8220;&#8220;][vc_empty_space height=&#8220;82px&#8220;][vc_row_inner row_type=&#8220;row&#8220; type=&#8220;full_width&#8220; text_align=&#8220;left&#8220; css_animation=&#8220;&#8220;][vc_column_inner css=&#8220;.vc_custom_1469111577685{padding-right: 20.1% !important;padding-left: 20.1% !important;}&#8220;][vc_column_text]<\/p>\n<p style=\"text-align: center;\">Sie lieben Holz? Alex auch! Von Kindesbeinen an war er von diesem Werkstoff faszniert. \u201eMit einem nat\u00fcrlichen Grundstoff zu arbeiten, der kein zweites Mal in exakt gleicher Beschaffenheit vorhanden ist\u201c, ist bis heute ein Satz, der seine Augen beim Ausspruch zum leuchten bringt. Alexander St\u00fctz lebt Holz in all seiner Sch\u00f6n- und Einzigartigkeit.<\/p>\n<p style=\"text-align: center;\">ARS &#8211; Die Kunst &#8211; TORNATI &#8211; des Holzdrehens, beschreibt die wahre Leidenschaft von Alexander St\u00fctz. Ein St\u00fcck Holz finden, erf\u00fchlen und dann zu &#8222;beleben&#8220; sind sein Fokus &#8211; seine gro\u00dfe St\u00e4rke.<\/p>\n<p style=\"text-align: center;\">\u00dcber 20 Jahre Erfahrung in Sachen HOLZ, gepaart mit der Pr\u00e4misse immer das Optimale zu erreichen, sind der Garant f\u00fcr Einzigartigkeit in h\u00f6chster Pr\u00e4zision.<\/p>\n<p style=\"text-align: center;\">Lassen Sie sich von Alex\u00b4Schmuckst\u00fccken be- &amp; verzaubern. Bestellen Sie jetzt Ihr Unikat von ARS TORNATI.<\/p>\n<p>[\/vc_column_text][\/vc_column_inner][\/vc_row_inner][\/vc_column][\/vc_row][vc_row css_animation=&#8220;&#8220; row_type=&#8220;row&#8220; use_row_as_full_screen_section=&#8220;no&#8220; type=&#8220;full_width&#8220; angled_section=&#8220;no&#8220; text_align=&#8220;left&#8220; background_image_as_pattern=&#8220;without_pattern&#8220; css=&#8220;.vc_custom_1465813028123{padding-top: 173px !important;padding-bottom: 173px !important;background-color: #303030 !important;}&#8220;][vc_column]<div class='qode_carousels_holder clearfix'><div class='qode_carousels' data-number-of-visible-items=''><ul class='slides'><li class='item'><div class=\"carousel_item_holder\"><a itemprop='url' href='#' target='_self'><span class='first_image_holder has_hover_image'><img itemprop=\"image\" src=\"http:\/\/arstornati.de\/wp-content\/uploads\/2016\/06\/item-1.png\" alt=\"carousel image\" \/><\/span><span class='second_image_holder has_hover_image'><img itemprop=\"image\" src=\"http:\/\/arstornati.de\/wp-content\/uploads\/2016\/06\/item-1b.png\" alt=\"carousel image\" \/><\/span><\/a><\/div><\/li><li class='item'><div class=\"carousel_item_holder\"><a itemprop='url' href='#' target='_self'><span class='first_image_holder has_hover_image'><img itemprop=\"image\" src=\"http:\/\/arstornati.de\/wp-content\/uploads\/2016\/06\/item-2.png\" alt=\"carousel image\" \/><\/span><span class='second_image_holder has_hover_image'><img itemprop=\"image\" src=\"http:\/\/arstornati.de\/wp-content\/uploads\/2016\/06\/item-2b.png\" alt=\"carousel image\" \/><\/span><\/a><\/div><\/li><li class='item'><div class=\"carousel_item_holder\"><a itemprop='url' href='#' target='_self'><span class='first_image_holder has_hover_image'><img itemprop=\"image\" src=\"http:\/\/arstornati.de\/wp-content\/uploads\/2016\/06\/item-3.png\" alt=\"carousel image\" \/><\/span><span class='second_image_holder has_hover_image'><img itemprop=\"image\" src=\"http:\/\/arstornati.de\/wp-content\/uploads\/2016\/06\/item-3b.png\" alt=\"carousel image\" \/><\/span><\/a><\/div><\/li><li class='item'><div class=\"carousel_item_holder\"><a itemprop='url' href='#' target='_self'><span class='first_image_holder has_hover_image'><img itemprop=\"image\" src=\"http:\/\/arstornati.de\/wp-content\/uploads\/2016\/06\/item-4.png\" alt=\"carousel image\" \/><\/span><span class='second_image_holder has_hover_image'><img itemprop=\"image\" src=\"http:\/\/arstornati.de\/wp-content\/uploads\/2016\/06\/item-4b.png\" alt=\"carousel image\" \/><\/span><\/a><\/div><\/li><li class='item'><div class=\"carousel_item_holder\"><a itemprop='url' href='#' target='_self'><span class='first_image_holder has_hover_image'><img itemprop=\"image\" src=\"http:\/\/arstornati.de\/wp-content\/uploads\/2016\/06\/item-5.png\" alt=\"carousel image\" \/><\/span><span class='second_image_holder has_hover_image'><img itemprop=\"image\" src=\"http:\/\/arstornati.de\/wp-content\/uploads\/2016\/06\/item-5b.png\" alt=\"carousel image\" \/><\/span><\/a><\/div><\/li><li class='item'><div class=\"carousel_item_holder\"><a itemprop='url' href='#' target='_self'><span class='first_image_holder has_hover_image'><img itemprop=\"image\" src=\"http:\/\/arstornati.de\/wp-content\/uploads\/2016\/06\/item-6.png\" alt=\"carousel image\" \/><\/span><span class='second_image_holder has_hover_image'><img itemprop=\"image\" src=\"http:\/\/arstornati.de\/wp-content\/uploads\/2016\/06\/item-6b.png\" alt=\"carousel image\" \/><\/span><\/a><\/div><\/li><li class='item'><div class=\"carousel_item_holder\"><a itemprop='url' href='#' target='_self'><span class='first_image_holder has_hover_image'><img itemprop=\"image\" src=\"http:\/\/arstornati.de\/wp-content\/uploads\/2016\/06\/item-1.png\" alt=\"carousel image\" \/><\/span><span class='second_image_holder has_hover_image'><img itemprop=\"image\" src=\"http:\/\/arstornati.de\/wp-content\/uploads\/2016\/06\/item-1b.png\" alt=\"carousel image\" \/><\/span><\/a><\/div><\/li><li class='item'><div class=\"carousel_item_holder\"><a itemprop='url' href='#' target='_self'><span class='first_image_holder has_hover_image'><img itemprop=\"image\" src=\"http:\/\/arstornati.de\/wp-content\/uploads\/2016\/06\/item-2.png\" alt=\"carousel image\" \/><\/span><span class='second_image_holder has_hover_image'><img itemprop=\"image\" src=\"http:\/\/arstornati.de\/wp-content\/uploads\/2016\/06\/item-2b.png\" alt=\"carousel image\" \/><\/span><\/a><\/div><\/li><li class='item'><div class=\"carousel_item_holder\"><a itemprop='url' href='#' target='_self'><span class='first_image_holder has_hover_image'><img itemprop=\"image\" src=\"http:\/\/arstornati.de\/wp-content\/uploads\/2016\/06\/item-3.png\" alt=\"carousel image\" \/><\/span><span class='second_image_holder has_hover_image'><img itemprop=\"image\" src=\"http:\/\/arstornati.de\/wp-content\/uploads\/2016\/06\/item-3b.png\" alt=\"carousel image\" \/><\/span><\/a><\/div><\/li><li class='item'><div class=\"carousel_item_holder\"><a itemprop='url' href='#' target='_self'><span class='first_image_holder has_hover_image'><img itemprop=\"image\" src=\"http:\/\/arstornati.de\/wp-content\/uploads\/2016\/06\/item-5.png\" alt=\"carousel image\" \/><\/span><span class='second_image_holder has_hover_image'><img itemprop=\"image\" src=\"http:\/\/arstornati.de\/wp-content\/uploads\/2016\/06\/item-5b.png\" alt=\"carousel image\" \/><\/span><\/a><\/div><\/li><li class='item'><div class=\"carousel_item_holder\"><a itemprop='url' href='#' target='_self'><span class='first_image_holder has_hover_image'><img itemprop=\"image\" src=\"http:\/\/arstornati.de\/wp-content\/uploads\/2016\/06\/item-4.png\" alt=\"carousel image\" \/><\/span><span class='second_image_holder has_hover_image'><img itemprop=\"image\" src=\"http:\/\/arstornati.de\/wp-content\/uploads\/2016\/06\/item-4b.png\" alt=\"carousel image\" \/><\/span><\/a><\/div><\/li><li class='item'><div class=\"carousel_item_holder\"><a itemprop='url' href='#' target='_self'><span class='first_image_holder has_hover_image'><img itemprop=\"image\" src=\"http:\/\/arstornati.de\/wp-content\/uploads\/2016\/06\/item-6.png\" alt=\"carousel image\" \/><\/span><span class='second_image_holder has_hover_image'><img itemprop=\"image\" src=\"http:\/\/arstornati.de\/wp-content\/uploads\/2016\/06\/item-6b.png\" alt=\"carousel image\" \/><\/span><\/a><\/div><\/li><\/ul><\/div><\/div>[\/vc_column][\/vc_row]<\/p>\n<\/section>","protected":false},"excerpt":{"rendered":"<p>[vc_row css_animation=&#8220;&#8220; row_type=&#8220;row&#8220; use_row_as_full_screen_section=&#8220;no&#8220; type=&#8220;grid&#8220; angled_section=&#8220;no&#8220; text_align=&#8220;center&#8220; background_image_as_pattern=&#8220;without_pattern&#8220; css=&#8220;.vc_custom_1469706243035{padding-top: 89px !important;padding-bottom: 111px !important;}&#8220;][vc_column][vc_single_image image=&#8220;155&#8243; img_size=&#8220;full&#8220; alignment=&#8220;center&#8220; qode_css_animation=&#8220;&#8220;][vc_empty_space height=&#8220;47px&#8220;][vc_column_text] Es muss durch seine H\u00e4nde &#8211; danach ist es bereit zu faszinieren. [\/vc_column_text][vc_empty_space height=&#8220;73px&#8220;][vc_single_image image=&#8220;93&#8243; img_size=&#8220;full&#8220; alignment=&#8220;center&#8220; qode_css_animation=&#8220;&#8220;][vc_empty_space height=&#8220;82px&#8220;][vc_row_inner row_type=&#8220;row&#8220; type=&#8220;full_width&#8220; text_align=&#8220;left&#8220; css_animation=&#8220;&#8220;][vc_column_inner css=&#8220;.vc_custom_1469111577685{padding-right: 20.1% !important;padding-left: 20.1%&#8230;<\/p>\n","protected":false},"author":1,"featured_media":0,"parent":0,"menu_order":0,"comment_status":"closed","ping_status":"closed","template":"full_width.php","meta":[],"_links":{"self":[{"href":"https:\/\/arstornati.de\/index.php?rest_route=\/wp\/v2\/pages\/90"}],"collection":[{"href":"https:\/\/arstornati.de\/index.php?rest_route=\/wp\/v2\/pages"}],"about":[{"href":"https:\/\/arstornati.de\/index.php?rest_route=\/wp\/v2\/types\/page"}],"author":[{"embeddable":true,"href":"https:\/\/arstornati.de\/index.php?rest_route=\/wp\/v2\/users\/1"}],"replies":[{"embeddable":true,"href":"https:\/\/arstornati.de\/index.php?rest_route=%2Fwp%2Fv2%2Fcomments&post=90"}],"version-history":[{"count":3,"href":"https:\/\/arstornati.de\/index.php?rest_route=\/wp\/v2\/pages\/90\/revisions"}],"predecessor-version":[{"id":166,"href":"https:\/\/arstornati.de\/index.php?rest_route=\/wp\/v2\/pages\/90\/revisions\/166"}],"wp:attachment":[{"href":"https:\/\/arstornati.de\/index.php?rest_route=%2Fwp%2Fv2%2Fmedia&parent=90"}],"curies":[{"name":"wp","href":"https:\/\/api.w.org\/{rel}","templated":true}]}}